ist the prime factors of 250683.
3, 83561
List the prime factors of 1032781.
37, 103, 271
List the prime factors of 87365.
5, 101, 173
What are the prime factors of 4521079?
4521079
What are the prime factors of 220260?
2, 3, 5, 3671
List the prime factors of 17019074.
2, 17, 73, 6857
List the prime factors of 3523795.
5, 11, 79, 811
What are the prime factors of 18961125?
3, 5, 59, 857
List the prime factors of 114787.
79, 1453
What are the prime factors of 661373?
661373
What are the prime factors of 131731?
131731
List the prime factors of 3775320.
2, 3, 5, 10487
What are the prime factors of 13642780?
2, 5, 173, 3943
What are the prime factors of 13665382?
2, 17, 41, 9803
What are the prime factors of 220865?
5, 163, 271
List the prime factors of 2547.
3, 283
List the prime factors of 1828397.
1828397
List the prime factors of 584453.
23, 25411
What are the prime factors of 2512298?
2, 1256149
List the prime factors of 130878.
2, 3, 11, 661
What are the prime factors of 5669686?
2, 11, 257713
What are the prime factors of 3804265?
5, 61, 12473
What are the prime factors of 812280?
2, 3, 5, 7, 967
List the prime factors of 189365.
5, 11, 313
What are the prime factors of 218632?
2, 27329
List the prime factors of 2067480.
2, 3, 5, 5743
What are the prime factors of 129760?
2, 5, 811
What are the prime factors of 2222900?
2, 5, 22229
List the prime factors of 17886694.
2, 7, 1277621
List the prime factors of 121840.
2, 5, 1523
List the prime factors of 463904.
2, 7, 19, 109
List the prime factors of 4672936.
2, 19, 71, 433
What are the prime factors of 2135244?
2, 3, 61, 2917
List the prime factors of 1203465.
3, 5, 80231
List the prime factors of 546264.
2, 3, 281
What are the prime factors of 1317116?
2, 59, 5581
List the prime factors of 6474077.
6474077
What are the prime factors of 2454290?
2, 5, 17, 14437
List the prime factors of 571910.
2, 5, 57191
List the prime factors of 7293613.
41, 177893
List the prime factors of 151158.
2, 3, 7, 59, 61
What are the prime factors of 5988464?
2, 23, 16273
List the prime factors of 193384.
2, 23, 1051
What are the prime factors of 252026?
2, 126013
What are the prime factors of 5702405?
5, 181, 6301
What are the prime factors of 2518161?
3, 31, 27077
List the prime factors of 779828.
2, 7, 27851
What are the prime factors of 71071?
7, 11, 13, 71
What are the prime factors of 3006109?
59, 50951
List the prime factors of 21389.
73, 293
What are the prime factors of 3826893?
3, 7, 182233
What are the prime factors of 68085?
3, 5, 17, 89
List the prime factors of 548439.
3, 182813
List the prime factors of 565786.
2, 13, 47, 463
What are the prime factors of 311793?
3, 43, 2417
List the prime factors of 1742259.
3, 271, 2143
List the prime factors of 10429589.
29, 359641
List the prime factors of 5774445.
3, 5, 128321
List the prime factors of 4943026.
2, 11, 224683
What are the prime factors of 1067152?
2, 66697
List the prime factors of 857873.
857873
List the prime factors of 275673.
3, 43, 2137
What are the prime factors of 5695779?
3, 1898593
List the prime factors of 179008.
2, 2797
What are the prime factors of 18093124?
2, 7, 646183
What are the prime factors of 2812186?
2, 13, 108161
What are the prime factors of 3544449?
3, 17, 69499
List the prime factors of 33615615.
3, 5, 11, 18521
What are the prime factors of 277962?
2, 3, 46327
List the prime factors of 1481298.
2, 3, 7, 13, 2713
List the prime factors of 21994733.
21994733
List the prime factors of 1240943.
11, 37, 3049
What are the prime factors of 581066?
2, 290533
List the prime factors of 3405.
3, 5, 227
What are the prime factors of 159112?
2, 19889
What are the prime factors of 3641371?
3641371
List the prime factors of 2676170.
2, 5, 7, 38231
List the prime factors of 332802.
2, 3, 6163
List the prime factors of 9719747.
41, 237067
What are the prime factors of 7538037?
3, 13, 193283
What are the prime factors of 606737?
606737
What are the prime factors of 6882438?
2, 3, 1147073
What are the prime factors of 931966?
2, 7, 66569
List the prime factors of 6998774.
2, 61, 57367
List the prime factors of 143540.
2, 5, 7177
List the prime factors of 586745.
5, 239, 491
List the prime factors of 7761003.
3, 2587001
What are the prime factors of 167641?
167641
List the prime factors of 366633.
3, 37, 367
What are the prime factors of 493335?
3, 5, 19, 577
What are the prime factors of 2179998?
2, 3, 281, 431
What are the prime factors of 66645?
3, 5, 1481
What are the prime factors of 1594260?
2, 3, 5, 17, 521
What are the prime factors of 165775?
5, 19, 349
List the prime factors of 8172009.
3, 233, 433
List the prime factors of 3764544.
2, 3, 7, 2801
What are the prime factors of 72166?
2, 36083
What are the prime factors of 358564?
2, 17, 5273
List the prime factors of 151915.
5, 23, 1321
What are the prime factors of 1626893?
1626893
List the prime factors of 549251.
109, 5039
What are the prime factors of 5583008?
2, 174469
What are the prime factors of 10269545?
5, 11, 13, 53, 271
What are the prime factors of 1924020?
2, 3, 5, 7, 509
What are the prime factors of 180583?
13, 29, 479
List the prime factors of 1985381.
73, 27197
List the prime factors of 11918432.
2, 372451
What are the prime factors of 361827?
3, 1489
What are the prime factors of 1260477?
3, 140053
What are the prime factors of 29313855?
3, 5, 59, 61, 181
What are the prime factors of 348101?
13, 26777
List the prime factors of 1296616.
2, 61, 2657
List the prime factors of 977973.
3, 41, 7951
What are the prime factors of 39460173?
3, 13153391
List the prime factors of 6996477.
3, 53, 79, 557
What are the prime factors of 1474022?
2, 11, 6091
What are the prime factors of 5249957?
17, 23, 29, 463
List the prime factors of 757532.
2, 229, 827
List the prime factors of 386998.
2, 23, 47, 179
What are the prime factors of 735877?
735877
What are the prime factors of 29271?
3, 11, 887
List the prime factors of 923577.
3, 307859
What are the prime factors of 125277?
3, 41759
List the prime factors of 3892331.
3892331
List the prime factors of 324348.
2, 3, 151, 179
List the prime factors of 229677.
3, 7, 10937
What are the prime factors of 199329?
3, 13, 19, 269
What are the prime factors of 29458289?
7, 433, 9719
List the prime factors of 9866079.
3, 61, 17971
What are the prime factors of 25673330?
2, 5, 2567333
What are the prime factors of 148385?
5, 59, 503
What are the prime factors of 963697?
7, 31, 4441
What are the prime factors of 16186049?
11, 133769
List the prime factors of 22913935.
5, 11, 137, 3041
List the prime factors of 4544295.
3, 5, 7, 113, 383
What are the prime factors of 389714?
2, 13, 1153
List the prime factors of 11425198.
2, 353, 16183
What are the prime factors of 733938?
2, 3, 122323
What are the prime factors of 302519?
7, 23, 1879
List the prime factors of 1343641.
13, 103357
What are the prime factors of 9315200?
2, 5, 41, 71
List the prime factors of 3259229.
103, 31643
List the prime factors of 2787263.
191, 14593
List the prime factors of 101130.
2, 3, 5, 3371
List the prime factors of 443701.
443701
List the prime factors of 839864.
2, 277, 379
What are the prime factors of 1237517?
29, 139, 307
List the prime factors of 16141458.
2, 3, 29, 92767
What are the prime factors of 110307?
3, 83, 443
List the prime factors of 1459763.
599, 2437
What are the prime factors of 3232795?
5, 359, 1801
What are the prime factors of 643503?
3, 7, 30643
List the prime factors of 14655640.
2, 5, 149, 2459
What are the prime factors of 2070372?
2, 3, 37, 4663
What are the prime factors of 1312205?
5, 37, 41, 173
What are the prime factors of 696672?
2, 3, 41, 59
What are the prime factors of 900207?
3, 7, 11, 433
List the prime factors of 9262729.
7, 1323247
List the prime factors of 643449.
3, 214483
What are the prime factors of 2033631?
3, 31, 37, 197
List the prime factors of 2404169.
2404169
What are the prime factors of 317620?
2, 5, 15881
What are the prime factors of 26853700?
2, 5, 268537
List the prime factors of 15469867.
7, 101, 21881
List the prime factors of 17995966.
2, 41, 219463
What are the prime factors of 21498623?
317, 67819
List the prime factors of 1522921.
1187, 1283
List the prime factors of 848401.
23, 36887
What